
In base 6, what is -251020 - -1?
-251015
In base 6, what is 1 + -200204?
-200203
In base 5, what is -1 + 1220012?
1220011
In base 16, what is 6f30 - 0?
6f30
In base 14, what is -3 - -d0a3?
d0a0
In base 4, what is -320021013 - 0?
-320021013
In base 4, what is 1102123013 + 0?
1102123013
In base 6, what is 35 + 4030452?
4030531
In base 3, what is -1 + 1210021202100?
1210021202022
In base 8, what is 27 - -1605?
1634
In base 12, what is 2b62 - 95?
2a89
In base 8, what is -2063 - -25?
-2036
In base 8, what is 222 + -17?
203
In base 7, what is 5541063 + 3?
5541066
In base 2, what is -1011000001 + 11011100?
-111100101
In base 2, what is 110011 + 100101110001?
100110100100
In base 16, what is 3dc1a - 0?
3dc1a
In base 7, what is -2541111 - 2?
-2541113
In base 14, what is -4 - 20aa4?
-20aa8
In base 8, what is -12565 + -15?
-12602
In base 14, what is 2163 + 1?
2164
In base 11, what is -9aa43 - 1?
-9aa44
In base 12, what is 5a047 - -2?
5a049
In base 10, what is -93 - -129?
36
In base 12, what is 4 + 20940?
20944
In base 9, what is 8 + 37858?
37867
In base 3, what is -1 - 2122222121?
-2122222122
In base 15, what is -7c + -6631?
-66ad
In base 9, what is -3 - -233?
230
In base 11, what is 79912 + -5?
79908
In base 5, what is 1401 + -3121?
-1220
In base 7, what is -44 - -11021?
10644
In base 15, what is -34e + 1d?
-331
In base 13, what is b20b - -32?
b240
In base 12, what is -1a6 + -2b?
-215
In base 9, what is -811608 - -4?
-811604
In base 3, what is 101010 - -11000?
112010
In base 2, what is 1010101000 + -1000?
1010100000
In base 9, what is -2 + -65538?
-65541
In base 13, what is -9a9 + -b5?
-a91
In base 14, what is 1 - 21967c?
-21967b
In base 14, what is 9 - -215?
220
In base 15, what is -964b - -a?
-9641
In base 9, what is 174 + -6451?
-6266
In base 4, what is 11 - 12002130?
-12002113
In base 9, what is 8345 + -15?
8330
In base 13, what is -3402 - -92?
-3340
In base 10, what is 89229 - 3?
89226
In base 4, what is 31331 + 122003?
220000
In base 4, what is 1 + 3213233?
3213300
In base 6, what is 11413 - -2?
11415
In base 2, what is 101110001010110001010 - 101?
101110001010110000101
In base 11, what is 15 - -37089?
370a3
In base 7, what is 5 + -4235?
-4230
In base 11, what is 117a - 1117?
63
In base 5, what is -204 - 14242344?
-14243103
In base 13, what is 8ba74 + -6?
8ba6b
In base 7, what is -5 - -10302?
10264
In base 6, what is -143124 + 2?
-143122
In base 10, what is 59 + -417?
-358
In base 16, what is 6 + -d3f?
-d39
In base 8, what is 411 - -560?
1171
In base 7, what is -636 + -124?
-1063
In base 9, what is -16 - -126231?
126214
In base 13, what is -31b8 - -38?
-3180
In base 10, what is -39 - -326?
287
In base 6, what is -4 - -111200?
111152
In base 11, what is 12 + -3158?
-3146
In base 4, what is 11 - 3123331030?
-3123331013
In base 3, what is -20200 - 100202?
-121102
In base 11, what is -18 + a989?
a971
In base 6, what is 5231110 + -11?
5231055
In base 11, what is 53 + -6080?
-6028
In base 16, what is -3 - 752?
-755
In base 7, what is 11 - -160240?
160251
In base 16, what is -4 - fa2d?
-fa31
In base 14, what is 493 - 12a?
367
In base 15, what is -59a - -21?
-579
In base 3, what is -1010 + -1011121?
-1012201
In base 10, what is 1316966 + -3?
1316963
In base 2, what is -101011000011 + 110110?
-101010001101
In base 13, what is 5 - 7868?
-7863
In base 4, what is -10 + 220301311?
220301301
In base 6, what is -15 + -44354?
-44413
In base 5, what is 10 + -1143104?
-1143044
In base 15, what is -ba - 6216?
-62d1
In base 14, what is -63 + 15?
-4c
In base 5, what is -3 + 133232344?
133232341
In base 12, what is 890 - -3?
893
In base 15, what is 68 + 104?
16c
In base 6, what is -4 - 32413231?
-32413235
In base 10, what is -11 - 2990?
-3001
In base 10, what is 71 - -271?
342
In base 6, what is 411522 + 2?
411524
In base 12, what is -27217 + 8?
-2720b
In base 9, what is 22 - 11125?
-11103
In base 14, what is -a834 + -23?
-a857
In base 5, what is -1011 + -4033?
-10044
In base 11, what is -93 + 38a?
2a7
In base 7, what is 5 - 65143?
-65135
In base 7, what is 266114 - -4?
266121
In base 9, what is 16 + 6111?
6127
In base 15, what is -3 - -3867?
3864
In base 5, what is 0 - 312022?
-312022
In base 12, what is 34 - -4219?
4251
In base 8, what is -5 + -112105?
-112112
In base 9, what is 1 + 2688?
2700
In base 5, what is 2404 + -4144?
-1240
In base 16, what is 484a + -3a?
4810
In base 11, what is 9 + -7926?
-7918
In base 6, what is -42 - 2304?
-2350
In base 10, what is -23130 - -3?
-23127
In base 6, what is -512043 - -3?
-512040
In base 14, what is 16d4 - -25?
1719
In base 15, what is -1619c - 3?
-161a0
In base 13, what is 28 - 1389?
-1361
In base 8, what is 25102 - -500?
25602
In base 16, what is -436 + 2d?
-409
In base 16, what is d + -edb?
-ece
In base 6, what is -3 + -141532?
-141535
In base 16, what is -f - -4536?
4527
In base 8, what is -4 - 114762?
-114766
In base 10, what is -4 - -17501?
17497
In base 13, what is -23ab - 10?
-23bb
In base 9, what is 5 - 838?
-833
In base 11, what is 4 + 54a42?
54a46
In base 10, what is 0 - 1726136?
-1726136
In base 9, what is 155 + 1200?
1355
In base 4, what is 1323210 - -102?
1323312
In base 11, what is -6060 - 3?
-6063
In base 10, what is 5 - 2910?
-2905
In base 8, what is 3 - 11046?
-11043
In base 11, what is -35 - -271a?
2695
In base 16, what is 8af - -fd?
9ac
In base 9, what is -33750 - 3?
-33753
In base 8, what is -1037 - 334?
-1373
In base 8, what is 3752 - -211?
4163
In base 7, what is -53 + 16506?
16423
In base 9, what is -2353017 + -1?
-2353018
In base 9, what is 1 + -311264?
-311263
In base 8, what is -5 + -13344?
-13351
In base 10, what is -37 - -3250?
3213
In base 8, what is 7050 + -65?
6763
In base 3, what is -1 + 2212021121?
2212021120
In base 16, what is 17 + -800?
-7e9
In base 16, what is 5 - 11e7c?
-11e77
In base 2, what is 1110 + -10110010101111100?
-10110010101101110
In base 13, what is 4 + -10114?
-10110
In base 16, what is 0 + -6fd81?
-6fd81
In base 2, what is 100 - 10110111000000?
-10110110111100
In base 2, what is -1 + -1010001000000110101?
-1010001000000110110
In base 16, what is -73 - -e5?
72
In base 6, what is -2000 - 2130?
-4130
In base 11, what is 796 + -5?
791
In base 6, what is 1 - -11405542?
11405543
In base 4, what is 22110 + -121?
21323
In base 5, what is 112 - 23222?
-23110
In base 16, what is -47a - -f9?
-381
In base 14, what is -14 - c93?
-ca7
In base 13, what is -4 - 1169c?
-116a3
In base 4, what is -21012 + 32?
-20320
In base 12, what is -2 + -246aa6?
-246aa8
In base 14, what is -5 + 712cb?
712c6
In base 10, what is -3 - 13751?
-13754
In base 9, what is -5 - 3035731?
-3035736
In base 12, what is -1 - -2263?
2262
In base 3, what is 100 + -21001121?
-21001021
In base 12, what is -a501 - 16?
-a517
In base 9, what is -80 + -1232?
-1322
In base 6, what is -3 + 12501554?
12501551
In base 9, what is -57567 - -5?
-57562
In base 9, what is -4 - 23?
-27
In base 10, what is -1361 - -1268?
-93
In base 3, what is -2022 + -111120220?
-111200012
In base 8, what is 50 + -22306?
-22236
In base 9, what is 373 + -646?
-263
In base 7, what is 12 + 11530?
11542
In base 14, what is -1 + 85c0?
85bd
In base 15, what is 3e - -74d?
78c
In base 2, what is -101010 + 11110101100?
11110000010
In base 3, what is 11 - 11121112201?
-11121112120
In base 11, what is -3513a - -103?
-35037
In base 15, what is 30d2 - -8?
30da
In base 14, what is -cd3 - 12?
-d05
In base 13, what is 29a75 + -8?
29a6a
In base 9, what is 4 - -201262?
201266
In base 2, what is -100010111011 + -110111?
-100011110010
In base 12, what is -1b015 + 35?
-1aba0
In base 12, what is 214 - 4a92?
-487a
In base 8, what is -11550 - -41?
-11507
In base 10, what is -5 + 78576?
78571
In base 7, what is 0 + 1410663?
1410663
In base 13, what is -23 + 2177?
2154
In base 6, what is 4 + 5522132?
5522140
In base 4, what is 1 - -1320011?
1320012
In base 15, what is -4 - 1e2813?
-1e2817
In base 4, what is 22032 - 102?
21330
In base 7, what is 144214 + -1?
144213
In base 16, what is 19 - 309?
-2f0
In base 11, what is 3 + 24676?
24679
In base 16, what is -35cb + 87?
-3544
In base 15, what is -3ad - -d5?
-2c8
In base 15, what is -7 - -18178?
18171
In base 9, what is -73 + -12485?
-12568
In base 16, what is 8 + -1dada?
-1dad2
In base 3, what is 20100 - -20012?
110112
In base 1